1417319
List the prime factors of 200438625.
3, 5, 269, 1987
List the prime factors of 88305134.
2, 6269, 7043
List the prime factors of 1345849011.
3, 13, 89, 307, 421
What are the prime factors of 192334551?
3, 64111517
What are the prime factors of 576210634?
2, 103, 811, 3449
List the prime factors of 34849219.
269, 353, 367
List the prime factors of 195167551.
195167551
What are the prime factors of 249051192?
2, 3, 13, 89, 8969
List the prime factors of 597793315.
5, 7, 311, 54919
List the prime factors of 63912344.
2, 1493, 5351
What are the prime factors of 1072168997?
107, 10020271
What are the prime factors of 351898173?
3, 11, 3554527
List the prime factors of 128217728.
2, 37, 27073
What are the prime factors of 297547585?
5, 59509517
What are the prime factors of 2618145493?
37, 70760689
What are the prime factors of 1955727629?
3271, 597899
List the prime factors of 978633128.
2, 11, 37, 53, 107
What are the prime factors of 15287201?
15287201
What are the prime factors of 3462113468?
2, 11, 2011, 3557
What are the prime factors of 106266918?
2, 3, 17711153
What are the prime factors of 193480601?
193480601
List the prime factors of 2537593640.
2, 5, 19, 3338939
What are the prime factors of 2067563416?
2, 41, 677, 9311
What are the prime factors of 45017181?
3, 11, 151573
List the prime factors of 140745893.
140745893
What are the prime factors of 10547577?
3, 197, 661
List the prime factors of 98376022.
2, 131, 375481
What are the prime factors of 133204442?
2, 7, 67, 20287
List the prime factors of 670132222.
2, 71, 4719241
What are the prime factors of 426019617?
3, 47335513
What are the prime factors of 16723885?
5, 53, 223, 283
List the prime factors of 17593904.
2, 1099619
What are the prime factors of 62232226?
2, 7, 4445159
List the prime factors of 49136082.
2, 3, 8189347
List the prime factors of 1429765047.
3, 29, 53, 131, 263
What are the prime factors of 3407025721?
11, 191, 1621621
What are the prime factors of 9266499?
3, 11, 93601
What are the prime factors of 1763333264?
2, 7, 11, 1431277
What are the prime factors of 30670413?
3, 103, 99257
List the prime factors of 521534750.
2, 5, 11, 61, 3109
List the prime factors of 35602633.
11, 29, 233, 479
What are the prime factors of 267987504?
2, 3, 53, 105341
List the prime factors of 182867972.
2, 7, 6530999
List the prime factors of 164795074.
2, 82397537
List the prime factors of 4232129192.
2, 17, 31118597
List the prime factors of 2958079951.
17, 43, 397, 10193
What are the prime factors of 735721094?
2, 2161, 170227
What are the prime factors of 822711598?
2, 411355799
What are the prime factors of 13603848?
2, 3, 19, 29833
List the prime factors of 95990863.
163, 211, 2791
What are the prime factors of 12087677?
7, 1726811
List the prime factors of 63906224.
2, 167, 23917
List the prime factors of 111284083.
19, 5857057
What are the prime factors of 233347681?
7, 373, 89371
List the prime factors of 652774513.
109, 149, 40193
List the prime factors of 380809444.
2, 95202361
List the prime factors of 40015445.
5, 8003089
What are the prime factors of 303217093?
1153, 262981
List the prime factors of 18080341.
809, 22349
What are the prime factors of 3748813?
3748813
List the prime factors of 250223511.
3, 337, 247501
What are the prime factors of 651374180?
2, 5, 307, 106087
What are the prime factors of 99573851?
13, 19, 403133
What are the prime factors of 85189894?
2, 42594947
What are the prime factors of 43181083?
11, 3925553
List the prime factors of 1337515.
5, 43, 6221
What are the prime factors of 6106307865?
3, 5, 7, 58155313
List the prime factors of 994334145.
3, 5, 7, 31, 305479
List the prime factors of 123924065.
5, 43, 576391
What are the prime factors of 3491664956?
2, 13, 1187, 56569
What are the prime factors of 19952299?
19, 47, 22343
List the prime factors of 623621084.
2, 2179, 71549
What are the prime factors of 684514384?
2, 17, 211, 11927
What are the prime factors of 2317142975?
5, 7, 13240817
List the prime factors of 3946432517.
7517, 525001
List the prime factors of 286763297.
2089, 137273
What are the prime factors of 728832268?
2, 182208067
What are the prime factors of 254609036?
2, 11, 5786569
List the prime factors of 10415790.
2, 3, 5, 7, 11, 167
List the prime factors of 1564643970.
2, 3, 5, 17384933
List the prime factors of 357146798.
2, 178573399
What are the prime factors of 30898349?
1051, 29399
List the prime factors of 54204690.
2, 3, 5, 53, 73, 467
What are the prime factors of 186564177?
3, 2389, 8677
What are the prime factors of 2704493912?
2, 83, 4073033
List the prime factors of 25391763.
3, 937, 3011
List the prime factors of 38863415.
5, 181, 42943
What are the prime factors of 303387753?
3, 37, 1279, 2137
What are the prime factors of 283202395?
5, 7, 1439, 5623
What are the prime factors of 371830883?
371830883
List the prime factors of 8844380.
2, 5, 163, 2713
List the prime factors of 1176405528.
2, 3, 37, 839, 1579
List the prime factors of 3360474979.
3360474979
List the prime factors of 6587699873.
6587699873
What are the prime factors of 301587877?
301587877
What are the prime factors of 1421588120?
2, 5, 29, 1225507
What are the prime factors of 1237834728?
2, 3, 13, 167, 7919
What are the prime factors of 46360771?
3607, 12853
List the prime factors of 177300191.
17, 19, 31, 17707
What are the prime factors of 1397089266?
2, 3, 19, 12255169
What are the prime factors of 128137563?
3, 14237507
List the prime factors of 41395054.
2, 643, 32189
List the prime factors of 491161413.
3, 163720471
List the prime factors of 61486845.
3, 5, 7, 97, 6037
What are the prime factors of 2258769874?
2, 1129384937
What are the prime factors of 134208490?
2, 5, 13, 1032373
What are the prime factors of 631327137?
3, 7, 30063197
List the prime factors of 65102365.
5, 2333, 5581
What are the prime factors of 35130846?
2, 3, 5855141
What are the prime factors of 18702348?
2, 3, 7, 222647
What are the prime factors of 870864602?
2, 421, 1034281
List the prime factors of 345613570.
2, 5, 17, 2033021
List the prime factors of 6316849677.
3, 163, 179, 72167
What are the prime factors of 1623426753?
3, 13, 1483, 28069
List the prime factors of 143089471.
7, 37, 552469
What are the prime factors of 6312952903?
2699, 2338997
List the prime factors of 21616502.
2, 10808251
What are the prime factors of 203613925?
5, 8144557
What are the prime factors of 29804629?
2953, 10093
List the prime factors of 72296183.
72296183
List the prime factors of 33919539.
3, 17, 665089
List the prime factors of 3061116877.
7, 13, 686503
List the prime factors of 192880093.
7, 23, 1198013
List the prime factors of 40191522.
2, 3, 7, 956941
List the prime factors of 627109745.
5, 125421949
List the prime factors of 74187128.
2, 9273391
List the prime factors of 71988689.
23, 3129943
What are the prime factors of 277841391?
3, 6287, 14731
List the prime factors of 35548829.
19, 1870991
List the prime factors of 18646539.
3, 251, 24763
What are the prime factors of 77568502?
2, 11, 37, 8663
What are the prime factors of 30451427?
30451427
What are the prime factors of 23574304?
2, 13, 61, 929
List the prime factors of 224479044.
2, 3, 6235529
What are the prime factors of 1983973098?
2, 3, 101, 233, 14051
What are the prime factors of 31004830?
2, 5, 151, 20533
What are the prime factors of 3103129266?
2, 3, 71, 7284341
List the prime factors of 2381759734.
2, 29, 41064823
What are the prime factors of 3132947822?
2, 17033, 91967
What are the prime factors of 175796305?
5, 607, 57923
List the prime factors of 425892980.
2, 5, 19, 1120771
What are the prime factors of 241452086?
2, 29, 4162967
What are the prime factors of 51604193?
51604193
What are the prime factors of 19202201?
2213, 8677
List the prime factors of 85068601.
8101, 10501
What are the prime factors of 240431795?
5, 19, 113, 22397
What are the prime factors of 1303714006?
2, 7, 67, 1389887
What are the prime factors of 748077028?
2, 109, 919, 1867
List the prime factors of 256037910.
2, 3, 5, 43, 198479
List the prime factors of 1681743882.
2, 3, 7, 13, 3080117
List the prime factors of 52505002.
2, 11, 2386591
What are the prime factors of 45097173?
3, 11, 455527
List the prime 